git of 87745388?
8
What is the ten millions digit of 610545741?
1
What is the millions digit of 151726087?
1
What is the hundreds digit of 1382423680?
6
What is the millions digit of 96310618?
6
What is the millions digit of 179498070?
9
What is the thousands digit of 97010360?
0
What is the hundred thousands digit of 32641493?
6
What is the millions digit of 4469959644?
9
What is the millions digit of 350146752?
0
What is the billions digit of 5180526582?
5
What is the tens digit of 66569662?
6
What is the millions digit of 253696680?
3
What is the hundreds digit of 635099359?
3
What is the units digit of 57743749?
9
What is the thousands digit of 337014584?
4
What is the ten thousands digit of 8879417111?
1
What is the thousands digit of 35701713?
1
What is the ten millions digit of 4119692091?
1
What is the units digit of 907417137?
7
What is the hundred thousands digit of 18188115?
1
What is the millions digit of 1530060859?
0
What is the thousands digit of 63996835?
6
What is the units digit of 194044539?
9
What is the hundred thousands digit of 188761158?
7
What is the hundred millions digit of 454378447?
4
What is the ten thousands digit of 76451508?
5
What is the hundred thousands digit of 303219604?
2
What is the thousands digit of 16511178?
1
What is the ten thousands digit of 63390479?
9
What is the thousands digit of 68896178?
6
What is the tens digit of 468538164?
6
What is the hundred millions digit of 733318607?
7
What is the hundreds digit of 2188431375?
3
What is the hundreds digit of 260820683?
6
What is the tens digit of 2429697672?
7
What is the units digit of 339681893?
3
What is the ten thousands digit of 244820171?
2
What is the billions digit of 1712833442?
1
What is the hundreds digit of 835760959?
9
What is the ten millions digit of 153510401?
5
What is the hundred millions digit of 3061088162?
0
What is the thousands digit of 2843752107?
2
What is the hundreds digit of 141241369?
3
What is the tens digit of 33219520?
2
What is the hundred millions digit of 1322693215?
3
What is the hundred millions digit of 3722381078?
7
What is the hundreds digit of 6287299?
2
What is the tens digit of 589368289?
8
What is the tens digit of 109880619?
1
What is the ten thousands digit of 616199439?
9
What is the ten millions digit of 214377523?
1
What is the hundreds digit of 33468861?
8
What is the units digit of 342759606?
6
What is the units digit of 53742525?
5
What is the tens digit of 35924371?
7
What is the hundred thousands digit of 22800018?
8
What is the millions digit of 473680376?
3
What is the units digit of 1275832825?
5
What is the units digit of 479419248?
8
What is the hundred thousands digit of 111049014?
0
What is the hundred thousands digit of 745777184?
7
What is the millions digit of 723497997?
3
What is the thousands digit of 577353652?
3
What is the ten thousands digit of 126822920?
2
What is the hundreds digit of 70946881?
8
What is the billions digit of 3969552722?
3
What is the ten millions digit of 26525008?
2
What is the hundred millions digit of 114383316?
1
What is the hundreds digit of 684071739?
7
What is the hundred thousands digit of 622722776?
7
What is the millions digit of 34808769?
4
What is the hundred thousands digit of 2242909725?
9
What is the units digit of 97257858?
8
What is the tens digit of 14676361?
6
What is the hundred millions digit of 235356546?
2
What is the hundred thousands digit of 1785630015?
6
What is the hundred millions digit of 1089902747?
0
What is the hundreds digit of 114357659?
6
What is the millions digit of 1712563563?
2
What is the thousands digit of 140558407?
8
What is the thousands digit of 4164940?
4
What is the units digit of 265250035?
5
What is the tens digit of 7024890?
9
What is the millions digit of 387320981?
7
What is the hundreds digit of 32664982?
9
What is the tens digit of 9037019?
1
What is the tens digit of 674295675?
7
What is the millions digit of 465610724?
5
What is the tens digit of 28701624?
2
What is the hundred millions digit of 1455938086?
4
What is the thousands digit of 3873927781?
7
What is the hundreds digit of 988258027?
0
What is the ten millions digit of 45188424?
4
What is the hundred thousands digit of 504633784?
6
What is the thousands digit of 7460223?
0
What is the millions digit of 628029148?
8
What is the thousands digit of 531898277?
8
What is the hundreds digit of 81478056?
0
What is the ten thousands digit of 10619299?
1
What is the ten thousands digit of 24368389?
6
What is the thousands digit of 2379382082?
2
What is the hundreds digit of 7601247?
2
What is the millions digit of 5670294693?
0
What is the thousands digit of 258768632?
8
What is the hundreds digit of 44334454?
4
What is the hundred millions digit of 769774532?
7
What is the hundred thousands digit of 710280137?
2
What is the hundred thousands digit of 906659644?
6
What is the hundred thousands digit of 204961150?
9
What is the tens digit of 2928560298?
9
What is the ten millions digit of 264998661?
6
What is the millions digit of 288429873?
8
What is the units digit of 410714457?
7
What is the hundred millions digit of 4598721793?
5
What is the hundred thousands digit of 6631795919?
7
What is the hundred millions digit of 907472380?
9
What is the tens digit of 533183023?
2
What is the ten thousands digit of 33238194?
3
What is the hundred thousands digit of 431389365?
3
What is the tens digit of 58377254?
5
What is the millions digit of 333708701?
3
What is the hundreds digit of 3137876399?
3
What is the tens digit of 1087601040?
4
What is the tens digit of 4461290?
9
What is the ten thousands digit of 137275693?
7
What is the billions digit of 1914649561?
1
What is the tens digit of 113111568?
6
What is the ten thousands digit of 86746456?
4
What is the ten thousands digit of 223217109?
1
What is the tens digit of 13393023?
2
What is the units digit of 403933769?
9
What is the hundred thousands digit of 112385199?
3
What is the units digit of 499219825?
5
What is the billions digit of 3410461733?
3
What is the ten thousands digit of 1991491461?
9
What is the hundred thousands digit of 375426857?
4
What is the ten millions digit of 22494418?
2
What is the ten thousands digit of 46358264?
5
What is the ten thousands digit of 43561302?
6
What is the hundred thousands digit of 2503299214?
2
What is the units digit of 208428820?
0
What is the ten millions digit of 273407340?
7
What is the tens digit of 24065406?
0
What is the thousands digit of 1471150257?
0
What is the ten thousands digit of 1960442815?
4
What is the tens digit of 163619162?
6
What is the hundred thousands digit of 22169793?
1
What is the thousands digit of 107937706?
7
What is the ten millions digit of 602349863?
0
What is the ten thousands digit of 2140550579?
5
What is the hundreds digit of 56214257?
2
What is the ten thousands digit of 12686187?
8
What is the hundreds digit of 43154915?
9
What is the ten millions digit of 137046670?
3
What is the hundred millions digit of 3222806622?
2
What is the hundred thousands digit of 33560023?
5
What is the hundred thousands digit of 71401396?
4
What is the thousands digit of 161645112?
5
What is the ten thousands digit of 96495189?
9
What is the hundreds digit of 92582?
5
What is the ten millions digit of 5921768438?
2
What is the units digit of 6703007?
7
What is the tens digit of 24569888?
8
What is the thousands digit of 623054975?
4
What is the ten thousands digit of 537497762?
9
What is the thousands digit of 701383117?
3
What is the hundreds digit of 216996283?
2
What is the millions digit of 512918534?
2
What is the thousands digit of 138799314?
9
What is the hundred millions digit of 173469932?
1
What is the hundreds digit of 230754999?
9
What is the ten millions digit of 921518283?
2
What is the thousands digit of 18025059?
5
What is the ten thousands digit of 2631276922?
7
What is the thousands digit of 52074326?
4
What is the hundreds digit of 15546956?
9
What is the hundred thousands digit of 5749069?
7
What is the tens digit of 94824592?
9
What is the millions digit of 12338798?
2
What is the hundred thousands digit of 62219646?
2
What is the millions digit of 360648059?
0
What is the hundred thousands digit of 1635832488?
8
Wha